{"id":159,"date":"2023-12-05T11:21:34","date_gmt":"2023-12-05T10:21:34","guid":{"rendered":"https:\/\/www.poliklinikaslovany.cz\/?page_id=159"},"modified":"2023-12-05T12:19:48","modified_gmt":"2023-12-05T11:19:48","slug":"alergologie","status":"publish","type":"page","link":"https:\/\/www.poliklinikaslovany.cz\/index.php\/seznam-ordinaci\/alergologie\/","title":{"rendered":"Alergologie"},"content":{"rendered":"<div class=\"page-container\">\n<div id=\"content\" class=\"row row-with-vspace site-content\">\n<div class=\"col-md-12 content-area\" id=\"main-column\"><main id=\"main\" class=\"site-main\" role=\"main\"><\/p>\n<article id=\"post-314\" class=\"post-314 page type-page status-publish hentry\">\n<div class=\"container\">\n<div class=\"entry-content\">\n<p><strong>Ordinuj\u00edc\u00ed l\u00e9ka\u0159:<\/strong> MUDr. Mark\u00e9ta Hasschov\u00e1<\/p>\n<p><strong>Telefon:<\/strong> 378 014 324<\/p>\n<p><strong>Um\u00edst\u011bn\u00ed:<\/strong> 1. patro, \u010d\u00e1st budovy A<\/p>\n<div id=\"tablepress-18_wrapper\" class=\"dataTables_wrapper no-footer\">\n<table id=\"tablepress-18\" class=\"tablepress tablepress-id-18 dataTable no-footer\" role=\"grid\">\n<thead>\n<tr class=\"row-1 odd\" role=\"row\">\n<th class=\"column-1 sorting_disabled\" rowspan=\"1\" colspan=\"1\" style=\"width: 244px;\">Provozn\u00ed doba:<\/th>\n<th class=\"column-2 sorting_disabled\" rowspan=\"1\" colspan=\"1\" style=\"width: 189px;\">Od &#8211; Do<\/th>\n<th class=\"column-3 sorting_disabled\" rowspan=\"1\" colspan=\"1\" style=\"width: 130px;\">Od &#8211; Do<\/th>\n<th class=\"column-4 sorting_disabled\" rowspan=\"1\" colspan=\"1\" style=\"width: 172px;\">Pozn\u00e1mka<\/th>\n<\/tr>\n<\/thead>\n<tbody class=\"row-hover\">\n<tr class=\"row-2 even\" role=\"row\">\n<td class=\"column-1\">pond\u011bl\u00ed<\/td>\n<td class=\"column-2\">&#8211;<\/td>\n<td class=\"column-3\">&#8211;<\/td>\n<td class=\"column-4\"><\/td>\n<\/tr>\n<tr class=\"row-3 odd\" role=\"row\">\n<td class=\"column-1\">\u00fater\u00fd<\/td>\n<td class=\"column-2\">7:00 \u2013 11:00<\/td>\n<td class=\"column-3\">&#8211;<\/td>\n<td class=\"column-4\"><\/td>\n<\/tr>\n<tr class=\"row-4 even\" role=\"row\">\n<td class=\"column-1\">st\u0159eda<\/td>\n<td class=\"column-2\">7:00 \u2013 11:00<\/td>\n<td class=\"column-3\">&#8211;<\/td>\n<td class=\"column-4\"><\/td>\n<\/tr>\n<tr class=\"row-5 odd\" role=\"row\">\n<td class=\"column-1\">\u010dtvrtek<\/td>\n<td class=\"column-2\">7:00 \u2013 11:00<\/td>\n<td class=\"column-3\">&#8211;<\/td>\n<td class=\"column-4\"><\/td>\n<\/tr>\n<tr class=\"row-6 even\" role=\"row\">\n<td class=\"column-1\">p\u00e1tek<\/td>\n<td class=\"column-2\">&#8211;<\/td>\n<td class=\"column-3\">&#8211;<\/td>\n<td class=\"column-4\"><\/td>\n<\/tr>\n<\/tbody>\n<\/table>\n<\/div>\n<\/div>\n<\/div>\n<\/article>\n<p><\/main><\/div>\n<\/div>\n<\/div>\n","protected":false},"excerpt":{"rendered":"<p>Ordinuj\u00edc\u00ed l\u00e9ka\u0159: MUDr. Mark\u00e9ta Hasschov\u00e1 Telefon: 378 014 324 Um\u00edst\u011bn\u00ed: 1. patro, \u010d\u00e1st budovy A Provozn\u00ed doba: Od &#8211; Do Od &#8211; Do Pozn\u00e1mka pond\u011bl\u00ed [&#8230;]<\/p>\n","protected":false},"author":1,"featured_media":0,"parent":71,"menu_order":0,"comment_status":"closed","ping_status":"closed","template":"templates\/template-fullwidth.php","meta":{"footnotes":""},"class_list":["post-159","page","type-page","status-publish","hentry"],"acf":[],"_links":{"self":[{"href":"https:\/\/www.poliklinikaslovany.cz\/index.php\/wp-json\/wp\/v2\/pages\/159","targetHints":{"allow":["GET"]}}],"collection":[{"href":"https:\/\/www.poliklinikaslovany.cz\/index.php\/wp-json\/wp\/v2\/pages"}],"about":[{"href":"https:\/\/www.poliklinikaslovany.cz\/index.php\/wp-json\/wp\/v2\/types\/page"}],"author":[{"embeddable":true,"href":"https:\/\/www.poliklinikaslovany.cz\/index.php\/wp-json\/wp\/v2\/users\/1"}],"replies":[{"embeddable":true,"href":"https:\/\/www.poliklinikaslovany.cz\/index.php\/wp-json\/wp\/v2\/comments?post=159"}],"version-history":[{"count":3,"href":"https:\/\/www.poliklinikaslovany.cz\/index.php\/wp-json\/wp\/v2\/pages\/159\/revisions"}],"predecessor-version":[{"id":347,"href":"https:\/\/www.poliklinikaslovany.cz\/index.php\/wp-json\/wp\/v2\/pages\/159\/revisions\/347"}],"up":[{"embeddable":true,"href":"https:\/\/www.poliklinikaslovany.cz\/index.php\/wp-json\/wp\/v2\/pages\/71"}],"wp:attachment":[{"href":"https:\/\/www.poliklinikaslovany.cz\/index.php\/wp-json\/wp\/v2\/media?parent=159"}],"curies":[{"name":"wp","href":"https:\/\/api.w.org\/{rel}","templated":true}]}}