{"id":17,"date":"2023-11-30T21:53:23","date_gmt":"2023-11-30T20:53:23","guid":{"rendered":"https:\/\/www.poliklinikaslovany.cz\/?page_id=17"},"modified":"2026-01-14T16:14:27","modified_gmt":"2026-01-14T15:14:27","slug":"hlavni-stranka","status":"publish","type":"page","link":"https:\/\/www.poliklinikaslovany.cz\/","title":{"rendered":"Hlavn\u00ed str\u00e1nka"},"content":{"rendered":"\n<div class=\"wp-block-cover alignfull is-light has-custom-content-position is-position-top-center\"><img loading=\"lazy\" decoding=\"async\" width=\"1920\" height=\"500\" class=\"wp-block-cover__image-background wp-image-476\" alt=\"\" src=\"https:\/\/www.poliklinikaslovany.cz\/wp-content\/uploads\/poliklinika-top-wide.jpg\" data-object-fit=\"cover\" srcset=\"https:\/\/www.poliklinikaslovany.cz\/wp-content\/uploads\/poliklinika-top-wide.jpg 1920w, https:\/\/www.poliklinikaslovany.cz\/wp-content\/uploads\/poliklinika-top-wide-300x78.jpg 300w, https:\/\/www.poliklinikaslovany.cz\/wp-content\/uploads\/poliklinika-top-wide-1024x267.jpg 1024w, https:\/\/www.poliklinikaslovany.cz\/wp-content\/uploads\/poliklinika-top-wide-768x200.jpg 768w, https:\/\/www.poliklinikaslovany.cz\/wp-content\/uploads\/poliklinika-top-wide-1536x400.jpg 1536w\" sizes=\"auto, (max-width: 1920px) 100vw, 1920px\" \/><span aria-hidden=\"true\" class=\"wp-block-cover__background has-background-dim-0 has-background-dim\" style=\"background-color:#adb0ae\"><\/span><div class=\"wp-block-cover__inner-container is-layout-constrained wp-block-cover-is-layout-constrained\">\n<p class=\"has-text-align-center has-large-font-size\"><\/p>\n<\/div><\/div>\n\n\n\n<h2 class=\"wp-block-heading\">Aktuality<\/h2>\n\n\n<ul class=\"wp-block-latest-posts__list wp-block-latest-posts\"><li><a class=\"wp-block-latest-posts__post-title\" href=\"https:\/\/www.poliklinikaslovany.cz\/index.php\/rdg-pracoviste-privamed\/\">RDG pracovi\u0161t\u011b PRIVAMED<\/a><\/li>\n<\/ul>\n\n\n<p><a href=\"https:\/\/www.poliklinikaslovany.cz\/index.php\/seznam-ordinaci\/vseobecna-zdravotni-pojistovna-ceske-republiky\/\" data-type=\"page\" data-id=\"667\">VZP \u010cR otev\u00edr\u00e1 19. 1. 2026 nov\u00e9 klientsk\u00e9 pracovi\u0161t\u011b<\/a><\/p>\n\n\n\n<div class=\"vc_row wpb_row vc_row-fluid hp-services vc_custom_1553807772464\">\n                        <div class=\"container\">\n                            <div class=\"row\">\n                                <div class=\"wpb_column vc_column_container vc_col-sm-12\">\n                                    <div class=\"vc_column-inner \">\n                                        <div class=\"wpb_wrapper\">\n                                            <header class=\"careplus-fancy-title\">\n                                                <h2>Na\u0161e slu\u017eby<\/h2>\n                                                <span>\n                                                    <small><\/small>\n                                                    <i class=\"icon-internet\" style=\"margin: 0 5px;\"><\/i>\n                                                <\/span>\n                                            <\/header>\n                                            <div class=\"careplus-service careplus-service-grid\">\n                                                <ul class=\"row\">\n                                                    <li class=\"col-md-3\">\n                                                        <a href=\"https:\/\/www.poliklinikaslovany.cz\/index.php\/seznam-ordinaci\/\">\n                                                            <div class=\"careplus-service-wrap\">\n                                                                <i class=\"icon-tool5\"><\/i>\n                                                                <h5>L\u00e9ka\u0159i<\/h5>\n                                                                <p><\/p>\n                                                            <\/div>\n                                                        <\/a>\n                                                    <\/li>\n                                                    <li class=\"col-md-3\">\n                                                        <a href=\"https:\/\/www.poliklinikaslovany.cz\/index.php\/seznam-ordinaci\/lekarna-a-vydejna-zdravotnickych-potreb\/\">\n                                                            <div class=\"careplus-service-wrap\">\n                                                                <i class=\"icon-medical-1\"><\/i>\n                                                                <h5>L\u00e9k\u00e1rna<\/h5>\n                                                                <p><\/p>\n                                                            <\/div>\n                                                        <\/a>\n                                                    <\/li>\n\n                                                <\/ul>\n                                            <\/div>\n                                        <\/div>\n                                    <\/div>\n                                <\/div>\n                            <\/div>\n                        <\/div>\n                    <\/div>\n\n\n\n<p><\/p>\n","protected":false},"excerpt":{"rendered":"<p>Aktuality VZP \u010cR otev\u00edr\u00e1 19. 1. 2026 nov\u00e9 klientsk\u00e9 pracovi\u0161t\u011b Na\u0161e slu\u017eby L\u00e9ka\u0159i L\u00e9k\u00e1rna<\/p>\n","protected":false},"author":1,"featured_media":0,"parent":0,"menu_order":0,"comment_status":"closed","ping_status":"closed","template":"templates\/template-fullwidth-no-title.php","meta":{"footnotes":""},"class_list":["post-17","page","type-page","status-publish","hentry"],"acf":[],"_links":{"self":[{"href":"https:\/\/www.poliklinikaslovany.cz\/index.php\/wp-json\/wp\/v2\/pages\/17","targetHints":{"allow":["GET"]}}],"collection":[{"href":"https:\/\/www.poliklinikaslovany.cz\/index.php\/wp-json\/wp\/v2\/pages"}],"about":[{"href":"https:\/\/www.poliklinikaslovany.cz\/index.php\/wp-json\/wp\/v2\/types\/page"}],"author":[{"embeddable":true,"href":"https:\/\/www.poliklinikaslovany.cz\/index.php\/wp-json\/wp\/v2\/users\/1"}],"replies":[{"embeddable":true,"href":"https:\/\/www.poliklinikaslovany.cz\/index.php\/wp-json\/wp\/v2\/comments?post=17"}],"version-history":[{"count":31,"href":"https:\/\/www.poliklinikaslovany.cz\/index.php\/wp-json\/wp\/v2\/pages\/17\/revisions"}],"predecessor-version":[{"id":671,"href":"https:\/\/www.poliklinikaslovany.cz\/index.php\/wp-json\/wp\/v2\/pages\/17\/revisions\/671"}],"wp:attachment":[{"href":"https:\/\/www.poliklinikaslovany.cz\/index.php\/wp-json\/wp\/v2\/media?parent=17"}],"curies":[{"name":"wp","href":"https:\/\/api.w.org\/{rel}","templated":true}]}}