{"id":258,"date":"2023-12-10T21:32:13","date_gmt":"2023-12-10T20:32:13","guid":{"rendered":"https:\/\/www.poliklinikaslovany.cz\/?page_id=258"},"modified":"2024-01-30T12:10:42","modified_gmt":"2024-01-30T11:10:42","slug":"chirurgicka-ambulance","status":"publish","type":"page","link":"https:\/\/www.poliklinikaslovany.cz\/index.php\/seznam-ordinaci\/chirurgicka-ambulance\/","title":{"rendered":"Chirurgick\u00e1 ambulance"},"content":{"rendered":"\n<p><strong>Ordinuj\u00edc\u00ed l\u00e9ka\u0159:&nbsp;<\/strong>MUDr. V\u011bra Pavl\u00ed\u010dkov\u00e1, MUDr. Bohuslava Holasov\u00e1<\/p>\n\n\n\n<p><strong>Telefon:&nbsp;<\/strong>378&nbsp;014&nbsp;212<\/p>\n\n\n\n<p><strong>Um\u00edst\u011bn\u00ed:<\/strong>&nbsp;p\u0159\u00edzem\u00ed, \u010d\u00e1st budovy A<\/p>\n\n\n\n<figure class=\"wp-block-table\"><table><thead><tr><th>Provozn\u00ed doba:<\/th><th>Od &#8211; Do<\/th><th>Od &#8211; Do<\/th><th>Pozn\u00e1mka<\/th><\/tr><\/thead><tbody><tr><td>pond\u011bl\u00ed<\/td><td>7:00 \u2013 15:00<\/td><td>\u2013\u00a0<\/td><td><\/td><\/tr><tr><td>\u00fater\u00fd<\/td><td>7:00 \u2013 16:30<\/td><td>\u2013\u00a0<\/td><td><\/td><\/tr><tr><td>st\u0159eda<\/td><td>7:00 \u2013 15:00<\/td><td>\u2013\u00a0<\/td><td><\/td><\/tr><tr><td>\u010dtvrtek<\/td><td>7:00 \u2013 15:00<\/td><td>\u2013\u00a0<\/td><td><\/td><\/tr><tr><td>p\u00e1tek<\/td><td>7:00 \u2013 13:00<\/td><td>\u2013\u00a0<\/td><td><\/td><\/tr><\/tbody><\/table><\/figure>\n","protected":false},"excerpt":{"rendered":"<p>Ordinuj\u00edc\u00ed l\u00e9ka\u0159:&nbsp;MUDr. V\u011bra Pavl\u00ed\u010dkov\u00e1, MUDr. Bohuslava Holasov\u00e1 Telefon:&nbsp;378&nbsp;014&nbsp;212 Um\u00edst\u011bn\u00ed:&nbsp;p\u0159\u00edzem\u00ed, \u010d\u00e1st budovy A Provozn\u00ed doba: Od &#8211; Do Od &#8211; Do Pozn\u00e1mka pond\u011bl\u00ed 7:00 \u2013 15:00 [&#8230;]<\/p>\n","protected":false},"author":1,"featured_media":0,"parent":71,"menu_order":0,"comment_status":"closed","ping_status":"closed","template":"","meta":{"footnotes":""},"class_list":["post-258","page","type-page","status-publish","hentry"],"acf":[],"_links":{"self":[{"href":"https:\/\/www.poliklinikaslovany.cz\/index.php\/wp-json\/wp\/v2\/pages\/258","targetHints":{"allow":["GET"]}}],"collection":[{"href":"https:\/\/www.poliklinikaslovany.cz\/index.php\/wp-json\/wp\/v2\/pages"}],"about":[{"href":"https:\/\/www.poliklinikaslovany.cz\/index.php\/wp-json\/wp\/v2\/types\/page"}],"author":[{"embeddable":true,"href":"https:\/\/www.poliklinikaslovany.cz\/index.php\/wp-json\/wp\/v2\/users\/1"}],"replies":[{"embeddable":true,"href":"https:\/\/www.poliklinikaslovany.cz\/index.php\/wp-json\/wp\/v2\/comments?post=258"}],"version-history":[{"count":4,"href":"https:\/\/www.poliklinikaslovany.cz\/index.php\/wp-json\/wp\/v2\/pages\/258\/revisions"}],"predecessor-version":[{"id":433,"href":"https:\/\/www.poliklinikaslovany.cz\/index.php\/wp-json\/wp\/v2\/pages\/258\/revisions\/433"}],"up":[{"embeddable":true,"href":"https:\/\/www.poliklinikaslovany.cz\/index.php\/wp-json\/wp\/v2\/pages\/71"}],"wp:attachment":[{"href":"https:\/\/www.poliklinikaslovany.cz\/index.php\/wp-json\/wp\/v2\/media?parent=258"}],"curies":[{"name":"wp","href":"https:\/\/api.w.org\/{rel}","templated":true}]}}