{"id":28,"date":"2023-11-30T22:08:04","date_gmt":"2023-11-30T21:08:04","guid":{"rendered":"https:\/\/www.poliklinikaslovany.cz\/?page_id=28"},"modified":"2023-12-10T21:46:52","modified_gmt":"2023-12-10T20:46:52","slug":"pohotovostni-sluzba","status":"publish","type":"page","link":"https:\/\/www.poliklinikaslovany.cz\/index.php\/seznam-ordinaci\/pohotovostni-sluzba\/","title":{"rendered":"Pohotovostn\u00ed slu\u017eba"},"content":{"rendered":"\n<p><strong>D\u016fle\u017eit\u00e9 upozorn\u011bn\u00ed \u2013\u00a0 od 1.1.2021 ji\u017e nen\u00ed v r\u00e1mci polikliniky Slovany l\u00e9ka\u0159sk\u00e1 pohotovostn\u00ed slu\u017eba zaji\u0161\u0165ov\u00e1na. V n\u00e1vaznosti na v\u00fdsledek v\u00fdb\u011brov\u00e9ho \u0159\u00edzen\u00ed je od 1.1.2021 v Plzni pouze jedna pohotovostn\u00ed slu\u017eba pro dosp\u011bl\u00e9 a to na adrese Denisovo n\u00e1b\u0159e\u017e\u00ed 1000\/4, tel. 378 218 300.<\/strong><\/p>\n","protected":false},"excerpt":{"rendered":"<p>D\u016fle\u017eit\u00e9 upozorn\u011bn\u00ed \u2013\u00a0 od 1.1.2021 ji\u017e nen\u00ed v r\u00e1mci polikliniky Slovany l\u00e9ka\u0159sk\u00e1 pohotovostn\u00ed slu\u017eba zaji\u0161\u0165ov\u00e1na. V n\u00e1vaznosti na v\u00fdsledek v\u00fdb\u011brov\u00e9ho \u0159\u00edzen\u00ed je od 1.1.2021 v [&#8230;]<\/p>\n","protected":false},"author":1,"featured_media":0,"parent":71,"menu_order":0,"comment_status":"closed","ping_status":"closed","template":"templates\/template-fullwidth.php","meta":{"footnotes":""},"class_list":["post-28","page","type-page","status-publish","hentry"],"acf":[],"_links":{"self":[{"href":"https:\/\/www.poliklinikaslovany.cz\/index.php\/wp-json\/wp\/v2\/pages\/28","targetHints":{"allow":["GET"]}}],"collection":[{"href":"https:\/\/www.poliklinikaslovany.cz\/index.php\/wp-json\/wp\/v2\/pages"}],"about":[{"href":"https:\/\/www.poliklinikaslovany.cz\/index.php\/wp-json\/wp\/v2\/types\/page"}],"author":[{"embeddable":true,"href":"https:\/\/www.poliklinikaslovany.cz\/index.php\/wp-json\/wp\/v2\/users\/1"}],"replies":[{"embeddable":true,"href":"https:\/\/www.poliklinikaslovany.cz\/index.php\/wp-json\/wp\/v2\/comments?post=28"}],"version-history":[{"count":2,"href":"https:\/\/www.poliklinikaslovany.cz\/index.php\/wp-json\/wp\/v2\/pages\/28\/revisions"}],"predecessor-version":[{"id":152,"href":"https:\/\/www.poliklinikaslovany.cz\/index.php\/wp-json\/wp\/v2\/pages\/28\/revisions\/152"}],"up":[{"embeddable":true,"href":"https:\/\/www.poliklinikaslovany.cz\/index.php\/wp-json\/wp\/v2\/pages\/71"}],"wp:attachment":[{"href":"https:\/\/www.poliklinikaslovany.cz\/index.php\/wp-json\/wp\/v2\/media?parent=28"}],"curies":[{"name":"wp","href":"https:\/\/api.w.org\/{rel}","templated":true}]}}