{"id":310,"date":"2023-12-10T21:45:23","date_gmt":"2023-12-10T20:45:23","guid":{"rendered":"https:\/\/www.poliklinikaslovany.cz\/?page_id=310"},"modified":"2025-11-21T11:04:01","modified_gmt":"2025-11-21T10:04:01","slug":"stomatologie","status":"publish","type":"page","link":"https:\/\/www.poliklinikaslovany.cz\/index.php\/seznam-ordinaci\/stomatologie\/","title":{"rendered":"Stomatologie"},"content":{"rendered":"\n<p><strong>Ordinuj\u00edc\u00ed l\u00e9ka\u0159:&nbsp;<\/strong>MUDr. Jaroslav Drobn\u00fd<\/p>\n\n\n\n<p><strong>Telefon:&nbsp;<\/strong>378&nbsp;014&nbsp;236<\/p>\n\n\n\n<p><strong>Um\u00edst\u011bn\u00ed:<\/strong>&nbsp;3. patro, \u010d\u00e1st budovy B<\/p>\n\n\n\n<figure class=\"wp-block-table\"><table><thead><tr><th>Provozn\u00ed doba:<\/th><th>Od &#8211; Do<\/th><th>Od &#8211; Do<\/th><th>Pozn\u00e1mka<\/th><\/tr><\/thead><tbody><tr><td>pond\u011bl\u00ed<\/td><td>8:30 &#8211; 14:00<\/td><td>&#8211;<\/td><td><\/td><\/tr><tr><td>\u00fater\u00fd<\/td><td>8:30 &#8211; 12:00<\/td><td>12:30- 17:00<\/td><td><\/td><\/tr><tr><td>st\u0159eda<\/td><td>7:00 \u2013 12:00<\/td><td>12:30- 16:30<\/td><td><\/td><\/tr><tr><td>\u010dtvrtek<\/td><td>7:00 \u2013 12:00<\/td><td>12:30 &#8211; 16:00<\/td><td><\/td><\/tr><tr><td>p\u00e1tek<\/td><td>7:00 \u2013 14:00<\/td><td>&#8211;<\/td><td><\/td><\/tr><tr><td>sobota<\/td><td>Objednan\u00e9 chirurgick\u00e9 v\u00fdkony<\/td><td><\/td><td><\/td><\/tr><\/tbody><\/table><\/figure>\n\n\n\n<p><strong>Ordinuj\u00edc\u00ed l\u00e9ka\u0159:<\/strong>&nbsp;MUDr. Pavel Kocour<\/p>\n\n\n\n<p><strong>Telefon:<\/strong>&nbsp;737 583 545<\/p>\n\n\n\n<p><strong>Um\u00edst\u011bn\u00ed:<\/strong>&nbsp;3. patro, \u010d\u00e1st budovy B<\/p>\n\n\n\n<figure class=\"wp-block-table\"><table><thead><tr><th>Provozn\u00ed doba:<\/th><th>Od &#8211; Do<\/th><th>Od &#8211; Do<\/th><th>Pozn\u00e1mka<\/th><\/tr><\/thead><tbody><tr><td>pond\u011bl\u00ed<\/td><td>7:30 &#8211; 12:30<\/td><td>13:00 -17:00<\/td><td><\/td><\/tr><tr><td>\u00fater\u00fd<\/td><td>7:30 &#8211; 12:30<\/td><td>13:00 -16:00<\/td><td><\/td><\/tr><tr><td>st\u0159eda<\/td><td>7:30 &#8211; 12:30<\/td><td>13:00 -15:30<\/td><td><\/td><\/tr><tr><td>\u010dtvrtek<\/td><td>7:30 &#8211; 12:30<\/td><td>13:00 -15:00<\/td><td><\/td><\/tr><tr><td>p\u00e1tek<\/td><td>7:30 &#8211; 14:00<\/td><td>&#8211;<\/td><td><\/td><\/tr><\/tbody><\/table><\/figure>\n\n\n\n<p><strong>Ordinuj\u00edc\u00ed l\u00e9ka\u0159:&nbsp;<\/strong>MDDr. Ad\u00e9la Petel\u00edkov\u00e1<\/p>\n\n\n\n<p><strong>Telefon:&nbsp;<\/strong>603 565 557<\/p>\n\n\n\n<p><strong>Um\u00edst\u011bn\u00ed:<\/strong>&nbsp;3. patro, \u010d\u00e1st budovy B<\/p>\n\n\n\n<figure class=\"wp-block-table\"><table><thead><tr><th>Provozn\u00ed doba:<\/th><th>Od &#8211; Do<\/th><th>Od &#8211; Do<\/th><th>Pozn\u00e1mka<\/th><\/tr><\/thead><tbody><tr><td>pond\u011bl\u00ed<\/td><td>8:00 -12:00<\/td><td>12:30 &#8211; 16:00<\/td><td><\/td><\/tr><tr><td>\u00fater\u00fd<\/td><td>8:00 -12:00<\/td><td>12:30 &#8211; 16:00<\/td><td><\/td><\/tr><tr><td>st\u0159eda<\/td><td>&#8211;<\/td><td>12:30 &#8211; 18:00<\/td><td><\/td><\/tr><tr><td>\u010dtvrtek<\/td><td>8:00 -12:00<\/td><td>12:30 &#8211; 15:00<\/td><td><\/td><\/tr><tr><td>p\u00e1tek<\/td><td>8:00 -13:00<\/td><td>&#8211;<\/td><td><\/td><\/tr><\/tbody><\/table><\/figure>\n\n\n\n<p><strong>Ordinuj\u00edc\u00ed l\u00e9ka\u0159:<\/strong>&nbsp;MUDr. Olga Libotovsk\u00e1<\/p>\n\n\n\n<p><strong>Telefon:<\/strong>&nbsp;378&nbsp;014&nbsp;234. <\/p>\n\n\n\n<p><strong>Um\u00edst\u011bn\u00ed:<\/strong>&nbsp;3. patro, \u010d\u00e1st budovy B<\/p>\n\n\n\n<figure class=\"wp-block-table\"><table><thead><tr><th>Provozn\u00ed doba:<\/th><th>Od &#8211; Do<\/th><th class=\"has-text-align-center\" data-align=\"center\">Od &#8211; Do<\/th><th>Pozn\u00e1mka<\/th><\/tr><\/thead><tbody><tr><td>pond\u011bl\u00ed<\/td><td>8:00 \u2013 13:30<\/td><td class=\"has-text-align-center\" data-align=\"center\"><\/td><td><\/td><\/tr><tr><td>\u00fater\u00fd<\/td><td><\/td><td class=\"has-text-align-center\" data-align=\"center\"><\/td><td><\/td><\/tr><tr><td>st\u0159eda<\/td><td>8:00 \u2013 12:00<\/td><td class=\"has-text-align-center\" data-align=\"center\"><\/td><td><\/td><\/tr><tr><td>\u010dtvrtek<\/td><td><\/td><td class=\"has-text-align-center\" data-align=\"center\"><\/td><td><\/td><\/tr><tr><td>p\u00e1tek<\/td><td>8:00 \u2013 13:30<\/td><td class=\"has-text-align-center\" data-align=\"center\"><\/td><td><\/td><\/tr><\/tbody><\/table><figcaption class=\"wp-element-caption\">Objedn\u00e1n\u00ed na telefonu: +420 603 832 750.<\/figcaption><\/figure>\n\n\n\n<p><strong>Ordinuj\u00edc\u00ed l\u00e9ka\u0159:<\/strong>\u00a0MUDr. Hana Hrom\u00e1dkov\u00e1<br>MDDr. Krist\u00fdna R\u00f6selov\u00e1<\/p>\n\n\n\n<p><strong>Telefon:<\/strong>&nbsp;378&nbsp;014&nbsp;228<\/p>\n\n\n\n<p><strong>Um\u00edst\u011bn\u00ed:<\/strong>&nbsp;3. patro, \u010d\u00e1st budovy B<\/p>\n\n\n\n<figure class=\"wp-block-table\"><table><thead><tr><th>Provozn\u00ed doba:<\/th><th>Od &#8211; Do<\/th><th>Od &#8211; Do<\/th><th>Pozn\u00e1mka<\/th><\/tr><\/thead><tbody><tr><td>pond\u011bl\u00ed<\/td><td>7:30 \u2013 11:00<\/td><td>11:30 \u2013 14:30<\/td><td><\/td><\/tr><tr><td>\u00fater\u00fd<\/td><td>7:30 \u2013 11:30<\/td><td>12:00 \u2013 14:30<\/td><td>14:30 \u2013 16:30 objednan\u00ed pacienti<\/td><\/tr><tr><td>st\u0159eda<\/td><td>7:30 \u2013 11:00<\/td><td>11:30 \u201314:30<\/td><td><\/td><\/tr><tr><td>\u010dtvrtek<\/td><td>7:30 \u2013 11:30<\/td><td>12:00 \u2013 14:30<\/td><td>14:30 \u2013 16:30 objednan\u00ed pacienti<\/td><\/tr><tr><td>p\u00e1tek<\/td><td>7:30 \u2013 11:00<\/td><td>11:30 \u2013 13:00<\/td><td>pouze pro zvan\u00e9 a objednan\u00e9 pacienty<\/td><\/tr><\/tbody><\/table><\/figure>\n\n\n\n<p><strong>Ordinuj\u00edc\u00ed l\u00e9ka\u0159:&nbsp;<\/strong>MUDr. Milada Tom\u010d\u00edkov\u00e1<\/p>\n\n\n\n<p><strong>Telefon:&nbsp;<\/strong>378&nbsp;014&nbsp;231<\/p>\n\n\n\n<p><strong>Um\u00edst\u011bn\u00ed:<\/strong>&nbsp;3. patro, \u010d\u00e1st budovy B<\/p>\n\n\n\n<figure class=\"wp-block-table\"><table><thead><tr><th>Provozn\u00ed doba:<\/th><th>Od &#8211; Do<\/th><th class=\"has-text-align-center\" data-align=\"center\">Od &#8211; Do<\/th><th>Pozn\u00e1mka<\/th><\/tr><\/thead><tbody><tr><td>pond\u011bl\u00ed<\/td><td>7:30 \u2013 12:00<\/td><td class=\"has-text-align-center\" data-align=\"center\">12:30 \u2013 15:00<\/td><td><\/td><\/tr><tr><td>\u00fater\u00fd<\/td><td>9:00 \u2013 12:00<\/td><td class=\"has-text-align-center\" data-align=\"center\">12:30 \u2013 17:30<\/td><td><\/td><\/tr><tr><td>st\u0159eda<\/td><td>7:30 \u2013 12:00<\/td><td class=\"has-text-align-center\" data-align=\"center\">12:30 \u2013 15:00<\/td><td><\/td><\/tr><tr><td>\u010dtvrtek<\/td><td>8:00 \u2013 12:00<\/td><td class=\"has-text-align-center\" data-align=\"center\">12:30 \u2013 15:30<\/td><td><\/td><\/tr><tr><td>p\u00e1tek<\/td><td>7:30 \u2013 12:00<\/td><td class=\"has-text-align-center\" data-align=\"center\">\u2013<\/td><td><\/td><\/tr><\/tbody><\/table><\/figure>\n\n\n\n<p><strong>Ordinuj\u00edc\u00ed l\u00e9ka\u0159:&nbsp;<\/strong>MUDr. Radka Tich\u00e1, Rovn\u00e9 zuby s. r. o<\/p>\n\n\n\n<p><strong>Telefon:&nbsp;<\/strong>378 014 233<\/p>\n\n\n\n<p><strong>Um\u00edst\u011bn\u00ed:<\/strong>&nbsp;3. patro, \u010d\u00e1st budovy B<\/p>\n\n\n\n<figure class=\"wp-block-table\"><table><thead><tr><th>Provozn\u00ed doba:<\/th><th>Od &#8211; Do<\/th><th>Od &#8211; Do<\/th><th>Pozn\u00e1mka<\/th><\/tr><\/thead><tbody><tr><td>pond\u011bl\u00ed<\/td><td>&#8211;<\/td><td>&#8211;<\/td><td><\/td><\/tr><tr><td>\u00fater\u00fd<\/td><td>8:00 &#8211; 13.00<\/td><td>13:30 &#8211; 16:00*<\/td><td>* administrativa, objednan\u00ed pacienti<\/td><\/tr><tr><td>st\u0159eda<\/td><td>&#8211;<\/td><td>&#8211;<\/td><td><\/td><\/tr><tr><td>\u010dtvrtek<\/td><td>8:00 &#8211; 13.00<\/td><td>13:30 &#8211; 16:00*<\/td><td>* administrativa, objednan\u00ed pacienti<\/td><\/tr><tr><td>p\u00e1tek<\/td><td>&#8211;<\/td><td>&#8211;<\/td><td><\/td><\/tr><\/tbody><\/table><\/figure>\n\n\n\n<p><a href=\"http:\/\/old.poliklinikaslovany.cz\/seznam-ordinaci\"><\/a><\/p>\n","protected":false},"excerpt":{"rendered":"<p>Ordinuj\u00edc\u00ed l\u00e9ka\u0159:&nbsp;MUDr. Jaroslav Drobn\u00fd Telefon:&nbsp;378&nbsp;014&nbsp;236 Um\u00edst\u011bn\u00ed:&nbsp;3. patro, \u010d\u00e1st budovy B Provozn\u00ed doba: Od &#8211; Do Od &#8211; Do Pozn\u00e1mka pond\u011bl\u00ed 8:30 &#8211; 14:00 &#8211; \u00fater\u00fd [&#8230;]<\/p>\n","protected":false},"author":1,"featured_media":0,"parent":71,"menu_order":0,"comment_status":"closed","ping_status":"closed","template":"","meta":{"footnotes":""},"class_list":["post-310","page","type-page","status-publish","hentry"],"acf":[],"_links":{"self":[{"href":"https:\/\/www.poliklinikaslovany.cz\/index.php\/wp-json\/wp\/v2\/pages\/310","targetHints":{"allow":["GET"]}}],"collection":[{"href":"https:\/\/www.poliklinikaslovany.cz\/index.php\/wp-json\/wp\/v2\/pages"}],"about":[{"href":"https:\/\/www.poliklinikaslovany.cz\/index.php\/wp-json\/wp\/v2\/types\/page"}],"author":[{"embeddable":true,"href":"https:\/\/www.poliklinikaslovany.cz\/index.php\/wp-json\/wp\/v2\/users\/1"}],"replies":[{"embeddable":true,"href":"https:\/\/www.poliklinikaslovany.cz\/index.php\/wp-json\/wp\/v2\/comments?post=310"}],"version-history":[{"count":10,"href":"https:\/\/www.poliklinikaslovany.cz\/index.php\/wp-json\/wp\/v2\/pages\/310\/revisions"}],"predecessor-version":[{"id":581,"href":"https:\/\/www.poliklinikaslovany.cz\/index.php\/wp-json\/wp\/v2\/pages\/310\/revisions\/581"}],"up":[{"embeddable":true,"href":"https:\/\/www.poliklinikaslovany.cz\/index.php\/wp-json\/wp\/v2\/pages\/71"}],"wp:attachment":[{"href":"https:\/\/www.poliklinikaslovany.cz\/index.php\/wp-json\/wp\/v2\/media?parent=310"}],"curies":[{"name":"wp","href":"https:\/\/api.w.org\/{rel}","templated":true}]}}