{"id":416,"date":"2024-01-26T12:37:22","date_gmt":"2024-01-26T11:37:22","guid":{"rendered":"https:\/\/www.poliklinikaslovany.cz\/?page_id=416"},"modified":"2024-01-31T09:33:26","modified_gmt":"2024-01-31T08:33:26","slug":"kozni-ordinace","status":"publish","type":"page","link":"https:\/\/www.poliklinikaslovany.cz\/index.php\/seznam-ordinaci\/kozni-ordinace\/","title":{"rendered":"Ko\u017en\u00ed ordinace"},"content":{"rendered":"\n<p><strong>Ordinuj\u00edc\u00ed l\u00e9ka\u0159:<\/strong> MUDr. Eva Zav\u00e1zalov\u00e1, Phd.<\/p>\n\n\n\n<p><strong>Telefon:<\/strong> 732 106073, 378 014 266<\/p>\n\n\n\n<p><strong>Um\u00edst\u011bn\u00ed:<\/strong> p\u0159\u00edzem\u00ed, \u010d\u00e1st budovy A<\/p>\n\n\n\n<figure class=\"wp-block-table\"><table><thead><tr><th>Provozn\u00ed doba pro<br>pacienty:<\/th><th class=\"has-text-align-left\" data-align=\"left\">Od \u2013 Do<\/th><th class=\"has-text-align-left\" data-align=\"left\">Od \u2013 Do<\/th><th>Pozn\u00e1mka<\/th><\/tr><\/thead><tbody><tr><td>pond\u011bl\u00ed<\/td><td class=\"has-text-align-left\" data-align=\"left\">\u2013<\/td><td class=\"has-text-align-left\" data-align=\"left\">\u2013<\/td><td><\/td><\/tr><tr><td>\u00fater\u00fd<\/td><td class=\"has-text-align-left\" data-align=\"left\">dle objedn\u00e1n\u00ed<\/td><td class=\"has-text-align-left\" data-align=\"left\">\u2013<\/td><td><\/td><\/tr><tr><td>st\u0159eda<\/td><td class=\"has-text-align-left\" data-align=\"left\">\u2013<\/td><td class=\"has-text-align-left\" data-align=\"left\">\u2013<\/td><td><\/td><\/tr><tr><td>\u010dtvrtek<\/td><td class=\"has-text-align-left\" data-align=\"left\">dle objedn\u00e1n\u00ed<\/td><td class=\"has-text-align-left\" data-align=\"left\">\u2013<\/td><td><\/td><\/tr><tr><td>p\u00e1tek<\/td><td class=\"has-text-align-left\" data-align=\"left\">\u2013<\/td><td class=\"has-text-align-left\" data-align=\"left\">\u2013<\/td><td><\/td><\/tr><\/tbody><\/table><\/figure>\n","protected":false},"excerpt":{"rendered":"<p>Ordinuj\u00edc\u00ed l\u00e9ka\u0159: MUDr. Eva Zav\u00e1zalov\u00e1, Phd. Telefon: 732 106073, 378 014 266 Um\u00edst\u011bn\u00ed: p\u0159\u00edzem\u00ed, \u010d\u00e1st budovy A Provozn\u00ed doba propacienty: Od \u2013 Do Od \u2013 [&#8230;]<\/p>\n","protected":false},"author":2,"featured_media":0,"parent":71,"menu_order":0,"comment_status":"closed","ping_status":"closed","template":"","meta":{"footnotes":""},"class_list":["post-416","page","type-page","status-publish","hentry"],"acf":[],"_links":{"self":[{"href":"https:\/\/www.poliklinikaslovany.cz\/index.php\/wp-json\/wp\/v2\/pages\/416","targetHints":{"allow":["GET"]}}],"collection":[{"href":"https:\/\/www.poliklinikaslovany.cz\/index.php\/wp-json\/wp\/v2\/pages"}],"about":[{"href":"https:\/\/www.poliklinikaslovany.cz\/index.php\/wp-json\/wp\/v2\/types\/page"}],"author":[{"embeddable":true,"href":"https:\/\/www.poliklinikaslovany.cz\/index.php\/wp-json\/wp\/v2\/users\/2"}],"replies":[{"embeddable":true,"href":"https:\/\/www.poliklinikaslovany.cz\/index.php\/wp-json\/wp\/v2\/comments?post=416"}],"version-history":[{"count":7,"href":"https:\/\/www.poliklinikaslovany.cz\/index.php\/wp-json\/wp\/v2\/pages\/416\/revisions"}],"predecessor-version":[{"id":431,"href":"https:\/\/www.poliklinikaslovany.cz\/index.php\/wp-json\/wp\/v2\/pages\/416\/revisions\/431"}],"up":[{"embeddable":true,"href":"https:\/\/www.poliklinikaslovany.cz\/index.php\/wp-json\/wp\/v2\/pages\/71"}],"wp:attachment":[{"href":"https:\/\/www.poliklinikaslovany.cz\/index.php\/wp-json\/wp\/v2\/media?parent=416"}],"curies":[{"name":"wp","href":"https:\/\/api.w.org\/{rel}","templated":true}]}}