{"id":467,"date":"2024-05-14T06:46:00","date_gmt":"2024-05-14T04:46:00","guid":{"rendered":"https:\/\/www.poliklinikaslovany.cz\/?page_id=467"},"modified":"2024-05-15T09:26:22","modified_gmt":"2024-05-15T07:26:22","slug":"detska-kardiologie","status":"publish","type":"page","link":"https:\/\/www.poliklinikaslovany.cz\/index.php\/seznam-ordinaci\/detska-kardiologie\/","title":{"rendered":"D\u011btsk\u00e1 kardiologie"},"content":{"rendered":"\n<p><strong>Ordinuj\u00edc\u00ed l\u00e9ka\u0159:<\/strong> MUDr. Michal Huml, PhD.<\/p>\n\n\n\n<p><strong>Telefon:<\/strong> 733 573 770<\/p>\n\n\n\n<p><strong>Um\u00edst\u011bn\u00ed:<\/strong>  2. patro, \u010d\u00e1st budovy A<\/p>\n\n\n\n<figure class=\"wp-block-table\"><table><thead><tr><th>Provozn\u00ed doba:<\/th><th>Od &#8211; Do<\/th><th>Od &#8211; Do<\/th><th>Pozn\u00e1mka<\/th><\/tr><\/thead><tbody><tr><td>pond\u011bl\u00ed<\/td><td>8:00 \u2013 15:00<\/td><td>\u2013&nbsp;<\/td><td><\/td><\/tr><tr><td>\u00fater\u00fd<\/td><td>8:00 \u2013 15:00<\/td><td>\u2013&nbsp;<\/td><td><\/td><\/tr><tr><td>st\u0159eda<\/td><td>8:00 \u2013 15:00<\/td><td>\u2013&nbsp;<\/td><td><\/td><\/tr><tr><td>\u010dtvrtek<\/td><td>8:00 \u2013 15:00<\/td><td>\u2013&nbsp;<\/td><td><\/td><\/tr><tr><td>p\u00e1tek<\/td><td>8:00 \u2013 15:00<\/td><td>\u2013&nbsp;<\/td><td><\/td><\/tr><\/tbody><\/table><\/figure>\n","protected":false},"excerpt":{"rendered":"<p>Ordinuj\u00edc\u00ed l\u00e9ka\u0159: MUDr. Michal Huml, PhD. Telefon: 733 573 770 Um\u00edst\u011bn\u00ed: 2. patro, \u010d\u00e1st budovy A Provozn\u00ed doba: Od &#8211; Do Od &#8211; Do Pozn\u00e1mka [&#8230;]<\/p>\n","protected":false},"author":1,"featured_media":0,"parent":71,"menu_order":0,"comment_status":"closed","ping_status":"closed","template":"templates\/template-fullwidth.php","meta":{"footnotes":""},"class_list":["post-467","page","type-page","status-publish","hentry"],"acf":[],"_links":{"self":[{"href":"https:\/\/www.poliklinikaslovany.cz\/index.php\/wp-json\/wp\/v2\/pages\/467","targetHints":{"allow":["GET"]}}],"collection":[{"href":"https:\/\/www.poliklinikaslovany.cz\/index.php\/wp-json\/wp\/v2\/pages"}],"about":[{"href":"https:\/\/www.poliklinikaslovany.cz\/index.php\/wp-json\/wp\/v2\/types\/page"}],"author":[{"embeddable":true,"href":"https:\/\/www.poliklinikaslovany.cz\/index.php\/wp-json\/wp\/v2\/users\/1"}],"replies":[{"embeddable":true,"href":"https:\/\/www.poliklinikaslovany.cz\/index.php\/wp-json\/wp\/v2\/comments?post=467"}],"version-history":[{"count":2,"href":"https:\/\/www.poliklinikaslovany.cz\/index.php\/wp-json\/wp\/v2\/pages\/467\/revisions"}],"predecessor-version":[{"id":471,"href":"https:\/\/www.poliklinikaslovany.cz\/index.php\/wp-json\/wp\/v2\/pages\/467\/revisions\/471"}],"up":[{"embeddable":true,"href":"https:\/\/www.poliklinikaslovany.cz\/index.php\/wp-json\/wp\/v2\/pages\/71"}],"wp:attachment":[{"href":"https:\/\/www.poliklinikaslovany.cz\/index.php\/wp-json\/wp\/v2\/media?parent=467"}],"curies":[{"name":"wp","href":"https:\/\/api.w.org\/{rel}","templated":true}]}}